hat is the units digit of n?
8
Suppose -4*r - 2*j + 280 = 0, r + 4*j = -0*r + 63. Let y be 2/((-6)/9) + r. Suppose 3*a = 3*o + 31 + 20, y = 4*a + 3*o. What is the units digit of a?
7
Let f = 8 + -5. Suppose -f*q = r - 12, -q + r = 4*q - 12. What is the units digit of (q + -4)/(1/(-5))?
5
Let k = 7 - 7. Let h(a) = -2*a + 8. What is the units digit of h(k)?
8
Let q be (-10)/(-3) + 1/(-3). Let h(v) = -q*v - 2*v + 6*v - 4. What is the units digit of h(10)?
6
Let a = -83 + 257. What is the tens digit of a?
7
Let d(r) = r**3 - 3*r**2 - 4*r + 3. Suppose 5*o - 5 = 15. Let w be d(o). Let g(x) = 4*x - 4. What is the units digit of g(w)?
8
Let n(s) = -s**3 - 6*s**2 - 7*s - 8. What is the tens digit of n(-6)?
3
Suppose -p - 71 - 21 = 0. Let b = p + 130. What is the tens digit of b?
3
Let k(q) = -q**3 - 7*q**2 - 6*q + 5. Let p be k(-7). Suppose -p = -5*j - 12. What is the units digit of j?
7
Suppose -4*y = 4*k - 151 - 281, 0 = 5*y + 4*k - 535. What is the hundreds digit of y?
1
What is the units digit of (-35134)/(-209) + 6/(-57)?
8
Suppose 0 = b - 5 - 11. What is the tens digit of b?
1
Let b(j) = -j**3 + 5*j**2 + 3*j + 3. What is the tens digit of b(-3)?
6
What is the hundreds digit of (-3488)/(-10) + (-9)/(-45)?
3
Let r be ((-96)/40)/((-3)/80). Suppose 5*g - r = -4. What is the units digit of g?
2
Let g(d) = d**3 + 5*d**2 - 6. Let x be g(-4). Let i = x + 0. What is the units digit of i?
0
Let o be 9*(2 + 1 + -2). Let h = o + 4. What is the units digit of h?
3
Let n(s) = s + 1. Let q(r) = 10*r + 8. Let u(v) = -18*n(v) + 2*q(v). What is the tens digit of u(10)?
1
Let d = -164 + 307. What is the hundreds digit of d?
1
Suppose 5*y = 299 + 11. What is the tens digit of y?
6
Let p = 15 - 21. Let t = 2 - -10. What is the units digit of (p/(-4))/(9/t)?
2
Let l = -7 - -48. Suppose 0 = 5*v + 4*b + 2 - 11, -5*v + l = -4*b. What is the units digit of v?
5
Let u = 3 + 0. Suppose 2*q = 3*a - a + 2, u*q = 4*a. What is the units digit of q?
4
Let b(v) = -v**3 + 3*v**2 - 7*v**2 - 2*v**2 + 3. Suppose 0 = 5*d + 27 + 3. What is the units digit of b(d)?
3
Suppose 0 = -4*m + 2*t + 2, 4*t = -m - 0 - 4. Suppose 3*g = y + 4*g - 11, -5*y + 4*g + 46 = m. Let l = y - 6. What is the units digit of l?
4
Let t(z) = -z**3 + 5*z**2 + 7*z. Let m be t(6). What is the units digit of (-1 + -2)*(-38)/m?
9
Let n(f) = 6*f**2 + f**3 + 7 - 1 + 0*f**3. What is the units digit of n(-6)?
6
Let d(m) be the first derivative of m**5/60 - m**4/2 + m**3 - 2. Let k(n) be the third derivative of d(n). What is the units digit of k(8)?
4
What is the tens digit of (156/14)/(1/7)?
7
Let s = 33 - 20. What is the units digit of s?
3
What is the units digit of (-14)/(-35) + (-373)/(-5)?
5
Let s(o) = o**3 - 5*o**2 - 6*o. Let n be s(6). Suppose n*f = 5*f - 30. What is the units digit of f?
6
Let f(u) = -2*u**2 - 16*u - 20. What is the units digit of f(-6)?
4
Let f = -19 - -37. What is the tens digit of f?
1
Suppose -2*k + 3*r = 11 - 27, 2*k + 4*r = -12. Suppose -k*d - 30 = -5*d. What is the units digit of d?
0
Let x be 18/(-12)*-1*2. Let q(s) = 0*s + x - 4*s + s**2 + 0. What is the units digit of q(4)?
3
Let d = -10 - -42. What is the units digit of (-1 - (-3)/1) + d?
4
Let i be 0/(-2)*(5 + -6). Suppose 60 + i = 5*k. What is the units digit of k?
2
Let y(j) = -2*j. Let f be y(-1). Suppose f*b + 44 = 6*b. What is the tens digit of b?
1
Let q = 7 + -3. Suppose -q*r + 5 = -3. Suppose -5*o + 4 = 3*p, 5*o + 0*p + 4*p - r = 0. What is the units digit of o?
2
Let l(o) = o**3 + 6*o**2 + 4. Let d be 0*(-2 + 0)/(-4). Let z = d - 6. What is the units digit of l(z)?
4
Let v = 169 + 175. What is the tens digit of v?
4
Let f be 2/(-4) - 3/6. Let p be f - -3 - 0/1. What is the units digit of (12/8)/(p/4)?
3
Let s(w) be the second derivative of -w**6/720 - w**5/40 - w**4/12 + w. Let r(n) be the third derivative of s(n). What is the units digit of r(-5)?
2
Let m = 18 - 24. What is the units digit of m/(-10) - 1242/(-30)?
2
Let f = 317 + -137. What is the units digit of f?
0
Let l be -1*(0 + 3)*-1. Suppose l = -3*y - 9. What is the units digit of y + 3 + 1 + 1?
1
Let c = 16 - 10. Let v(j) = j**2 + j - 3. What is the tens digit of v(c)?
3
Let p(i) = i - 3. Let h be p(6). What is the tens digit of (-2)/(-6) + 35/h?
1
Suppose -3*v = v - 604. What is the units digit of v?
1
Suppose 20 = 5*x - 75. What is the tens digit of x?
1
Let t be (-1)/4 - 330/(-40). What is the units digit of (-15)/(3/t*-2)?
0
Suppose m - 22 = 5*z, -4 = m + 4*z + 10. Suppose -3*o - m = -8. What is the units digit of o?
2
Let a(f) = 4*f**2 + 1. Suppose -5*b - 2*k + 37 = 0, -7*b + 25 = -4*b + 4*k. Suppose 4*c - b = -c + 4*p, -2*p = 2*c + 8. What is the units digit of a(c)?
5
Suppose -3*l = -6*l + 48. What is the units digit of l?
6
Let i(j) = j + 10. Let b be i(0). Suppose -b = -2*p + 4. What is the units digit of p?
7
Suppose 0 = -4*l + 11 + 5. Suppose -2*v = -4*o + 10, -o = 2*o - 4*v - 5. Suppose 2*t = o*d - 3, 0 = -5*t + l*d - 4 + 14. What is the units digit of t?
6
Let s(y) = -y**3 - y**2 - 6. Let u be s(0). Let x = 0 - u. What is the units digit of x?
6
Let p = -6 + 8. Suppose 7 = 2*m - 3, -m = -r - 5. Suppose r = -5*t - p*h + 37, 4*h + h - 7 = -3*t. What is the units digit of t?
9
Suppose 3*a = -3*i + 315, 3*a - 438 = -5*i - 123. What is the units digit of a?
5
Let v(z) = z + 4. Let y be v(-5). Let o = -12 - -6. Let i = y - o. What is the units digit of i?
5
Let f(w) = -w**3 - 7*w**2 - w - 3. Let u be f(-7). Suppose -4*m + k = m - 13, 2*m = -u*k + 14. What is the units digit of m?
3
Suppose -3*k + 7*c - 2*c + 8 = 0, 0 = -k - 3*c + 12. Let i = k - 7. What is the units digit of (-6)/(-1 + -1) - i?
4
Suppose -4*d = 5*s + 86 + 476, -4*d - 448 = 4*s. Let t be s/(-4) + (-2)/4. Let g = t - 15. What is the tens digit of g?
1
Let z = -43 + 81. Suppose -z = 2*o + 20. Let k = -11 - o. What is the tens digit of k?
1
Let v(n) = 2*n**3 + 4*n**2 + 4. What is the tens digit of v(3)?
9
Let i(h) be the third derivative of -5/24*h**4 + 0*h + 0 + 3*h**2 + 1/60*h**5 + 1/3*h**3. What is the units digit of i(6)?
8
Let n(m) = -m**3 - 11*m**2 - 11*m + 1. What is the units digit of n(-10)?
1
Let z(u) = -u**2 - 13*u + 11. Let l be z(-8). Suppose l = 4*v + 11. Let x = 19 - v. What is the units digit of x?
9
Let n(p) = -p**3 + 3 + 7*p**2 - 3 + 0*p**2 + 6. What is the units digit of n(7)?
6
What is the tens digit of (-8)/2 - (169 + 3)/(-4)?
3
Suppose -24 = -u + 12. Suppose 2*w = -w - 5*z + 6, 5*z = 3*w - u. What is the units digit of w?
7
Suppose -5*s = 3*k + 6, 0 = -0*k + 2*k + 4. Suppose s = -2*g + 8, -16 = 5*b - b - g. What is the units digit of b/(2 + 26/(-10))?
5
Let x(d) = d**3 + 5*d**2 + 5*d + 4. Let a be x(-4). Let m = 9 - 6. Suppose a = -r + 3*g, -5*r - 22 + 58 = -m*g. What is the units digit of r?
9
Let x = 7 + -5. Let z(n) = -6 + n**x - 3 - 4*n - 1 + 4. What is the units digit of z(6)?
6
What is the units digit of (-626)/(-10) - (-4)/10?
3
Let c(p) = -p - 2. Let t be c(-2). Let a(j) = 3 + t*j - j - 1. What is the units digit of a(-3)?
5
Let v(f) = -f**2 - f + 57. Let n be v(0). Suppose i - 4*i = -n. What is the tens digit of i?
1
Let m = 2 + 3. Suppose -m*f + 44 = 2*t - 10, 3*t - 3*f = 39. What is the units digit of t?
7
What is the tens digit of (-6)/(-15) + (-93)/(-5)?
1
Let u be (-2)/6 - (-30)/9. Let c = 2 - u. What is the units digit of (-4)/c*7/4?
7
Let i = 7 + 5. What is the tens digit of i?
1
Suppose -15*b + 1000 = -10*b. What is the tens digit of b?
0
Suppose 7 + 170 = 3*a. What is the tens digit of a?
5
Suppose 0 = -5*f + 6*f - 33. What is the tens digit of f?
3
Let l(u) = u**3 - 6*u**2 + 6*u + 4. Let k(w) = -2*w - 3. Let c be k(-3). Suppose -1 = -z + 4*r, -c*r + 3 - 10 = -2*z. What is the units digit of l(z)?
9
Let m(r) = 8*r + 3. Let w be m(-2). Let n = w + 27. What is the tens digit of n?
1
Let b(n) = 3*n - 2. Suppose -4*v - 25 = -3*q - 0, -6 = -2*q. Let k = v - -6. What is the units digit of b(k)?
4
Let m be (-4 - (-4 + -1))*2. Suppose a = 3 + 3. What is the units digit of (-27)/m*(-4)/a?
9
Let j(a) = -a**3 + 7*a**2 - 5*a - 1. Let c be j(6). Suppose 28 = 4*d + c*t + 10, 5*d - 5*t = 45. What is the units digit of d?
7
Let h = 10 - 6. Suppose 5*j - 3*u = 33, -29 = -4*j + h*u + u. Suppose -3*y + 3 = -j. What is the units digit of y?
3
Let d be 24/9 - (-4)/(-6). L